**2 + b - 1. Let a(l) = -3*q(l) - y(l). List the prime factors of a(0).
2, 37
Let f be 2/(-9) - 1244*(-2)/18. Suppose -f = -5*r + 52. What are the prime factors of r?
2, 19
What are the prime factors of (0 - (-4)/6) + (-578298)/(-441)?
2, 41
Let s be -6*(-5)/25*(-15)/(-6). Suppose 924 = 14*v - s*v. What are the prime factors of v?
2, 3, 7
Let h(b) = -b + 9. Let d be h(-4). Let p = 40 - d. List the prime factors of 24/(-36)*p/(-2).
3
What are the prime factors of 345/(21/18 + 8/24)?
2, 5, 23
Let s(n) = 2*n**3 + 8*n**2 + 8*n - 22. List the prime factors of s(9).
2, 7, 11
Suppose -3*j + 12 = 0, -245 = 3*y - 0*y - 5*j. Let m = y + 228. List the prime factors of m.
3, 17
Let g(v) = 211*v**2 - 2*v - 1. Let o be g(-1). Suppose -8*m + o + 92 = 0. What are the prime factors of m?
2, 19
Let z = -768 + 1143. List the prime factors of z.
3, 5
Suppose -5*c - 2 = 4*g - 3, -3*g + 27 = -5*c. Suppose 1750 = 6*p + g*p. What are the prime factors of p?
5, 7
Suppose 3849 + 4426 = 5*j. List the prime factors of j/20 - (-2)/8.
83
Suppose 4*n + 5*y = 8829, -n + 27*y = 32*y - 2196. List the prime factors of n.
3, 11, 67
Suppose 3*t = -0*t + 33. Let a = t + 9. List the prime factors of a.
2, 5
Suppose -5155 + 1245 = -2*f - d, 0 = 2*f + 2*d - 3912. List the prime factors of f.
2, 977
Suppose -h = -5*q + 94, -q - 5*h + 3*h + 10 = 0. Suppose -24 = 6*r - 3*r. Let j = q + r. List the prime factors of j.
2, 5
Let z(p) = p**3 + 6*p**2 - 7*p - 8. Let l be z(-7). Let x be (-2)/l + (-14)/(-8). Suppose -w + 3*n - x = -14, -w - n + 8 = 0. List the prime factors of w.
3
Suppose 0 = -s - 5*w + 3185, -1797 = -3*s - 5*w + 7768. List the prime factors of s.
2, 5, 11, 29
Suppose -141 = -4*x + 5*w - 14, x - 5*w = 43. Let u = -24 + x. Suppose 5*n + 101 = u*l, -n - 83 = -5*l + 38. What are the prime factors of l?
2, 3
List the prime factors of (-10)/1*-15*26/12.
5, 13
Let l = 104 - 147. Let a(d) = d**3 + d**2 - 3*d + 5. Let b be a(-4). Let p = b - l. What are the prime factors of p?
2, 3
Let r(d) = d**2 - 3*d + 6. Let p be r(3). Suppose -2*s - s + p = 0. Suppose -24 = -s*n - 4*o, 0 = 3*n + 2*o - 7 - 25. List the prime factors of n.
2, 5
Suppose -q + 4*i = -28, -5*q - 4*i - i = -90. Suppose q*a - 21*a - 4 = 0. Let d = -2 - a. What are the prime factors of d?
2
Let n(v) = -v**3 - 11*v**2 + 17*v - 38. What are the prime factors of n(-16)?
2, 5, 97
Let j be (30/(-21))/(2 + (-26)/14). Let m be ((-328)/6)/(1/6). List the prime factors of m/j + 5/25.
3, 11
Suppose 0 = -4*s - 5 + 25. Suppose -402 = -s*t - t. What are the prime factors of t?
67
Suppose -18*m + 13*m - 1110 = 0. Let j = -140 - m. List the prime factors of j.
2, 41
Let v(i) = -115*i - 59. List the prime factors of v(-3).
2, 11, 13
Suppose 4*g + i = -408, 4*i - 370 = 4*g + 38. Let n = g + 170. List the prime factors of n.
2, 17
Suppose 34*f - 47*f + 9711 = 0. What are the prime factors of f?
3, 83
Let k = -12 + 2. Let w = k - 3. Let s(t) = -3*t - 9. List the prime factors of s(w).
2, 3, 5
Suppose 5*i + 5 - 20 = 0. Suppose -i*a = -a - 3*y - 109, 169 = 3*a + y. List the prime factors of a.
2, 7
Suppose -18*m + 795 + 4839 = 0. List the prime factors of m.
313
Suppose 0*x = -3*x + 2*t + 33, -2*t - 44 = -4*x. Let m = x - 11. Suppose n + 4*g = -m*g + 60, -25 = -5*g. List the prime factors of n.
2, 5
Suppose 5*c + 10 = 7*c. Suppose c*j - 4*l + l = 32, j + 12 = -4*l. Suppose -3*m - 6 = j*o - 95, 2*m - 4*o - 66 = 0. What are the prime factors of m?
31
Suppose 13*m = 12*m - 1128. What are the prime factors of m/(-30) + 2/5?
2, 19
Let g(m) = -m**3 + 2*m**2 - 4*m + 3. Let w be g(4). Let r = w + 128. Suppose q = 3*k - r, -5*q = 5*k - 0*k - 165. List the prime factors of k.
29
Let p be (50/15 + -2)/((-4)/18). What are the prime factors of (-2)/3*(-1048)/(-32)*p?
131
Let q = 1756 - -681. What are the prime factors of q?
2437
List the prime factors of 107712/110 - 12/10.
2, 3, 163
Let r = -82 - -124. Suppose 6*k - 5*k = -r. Let a = k - -83. What are the prime factors of a?
41
Let i = 10 - 75. What are the prime factors of ((-2850)/i - 3) + (-4)/(-26)?
41
Suppose 22 = 4*t + 2. Let j = 27 + t. List the prime factors of j.
2
Suppose -n + 210 = 2*n. Let f be (-2)/7 + 1560/n. Suppose -5*w + 6*w - f = 0. List the prime factors of w.
2, 11
Let z(a) = -a**3 - 2*a**2 + 3*a - 2. Let q be z(-3). Let y = q - -5. Suppose 60 = -0*b + y*b. What are the prime factors of b?
2, 5
Let w = -60 + 52. Let r(m) = -6*m - 24. List the prime factors of r(w).
2, 3
Let r = 1405 - 577. List the prime factors of r.
2, 3, 23
Suppose 0 = -9*i + 14*i - 925. What are the prime factors of i?
5, 37
Suppose -3 = -a + 5*m + 1, 4*m - 8 = 0. Let c = -14 + a. Suppose 2*w + 21 = 3*d, 5*d + c*w - 35 = 3*w. What are the prime factors of d?
7
Suppose 254 + 325 = 3*r. What are the prime factors of r?
193
Let c(z) be the second derivative of -10*z**5 - z**3/3 - z**2 - 41*z. List the prime factors of c(-1).
2, 5
Let u = -174 - -183. Let i(d) = 2*d**2 - d + 4. Let g be i(-4). Let b = u + g. List the prime factors of b.
7
What are the prime factors of 4265 - 32 - 36/4?
2, 3, 11
Let p(y) = -19*y - 1. Let a(u) = -u**2 + 38*u + 1. Let o(k) = -4*a(k) - 7*p(k). List the prime factors of o(7).
2, 3, 11
Let r(k) = 71*k + 208. List the prime factors of r(11).
23, 43
Let r(d) = -d**2 + 32*d + 44. What are the prime factors of r(11)?
5, 11
Suppose -2*l + u = 3*l - 1865, l - 3*u = 373. Let o = -262 + l. List the prime factors of o.
3, 37
Let h(q) = -q - 4. Let b be h(-6). Suppose w - 5*c = -w + 28, b*w + 12 = -5*c. Suppose 157 = w*g + 3*k, -3*g + 4*k - 156 = -7*g. List the prime factors of g.
2, 5
Let y(c) = 16*c - 4. Let b be y(3). Let k = b - 19. What are the prime factors of k?
5
Suppose 3*l - 3*n - 18 = 0, -2*l = -3*l - 3*n - 10. Suppose 8 = 3*q + l, 0 = 2*z - 2*q. What are the prime factors of z?
2
Let n(v) = v**2 + 6*v - 59. Let l be n(5). List the prime factors of (-1)/((-1)/l - 0) - -229.
3, 5
Let t be ((-1)/1)/(-2)*4270/(-7). List the prime factors of 4*(-1)/(-4) - t.
2, 3, 17
Suppose -8 = -3*u + u, -5*w - 4*u = -4181. What are the prime factors of w?
7, 17
Let r(u) = 9*u**2 + 24*u + 6. Let k(t) = 5*t**2 + 12*t + 3. Let v(h) = 11*k(h) - 6*r(h). List the prime factors of v(16).
61
Let i = -16 + 19. Suppose -2*q = i*q - 15. Let x = 50 + q. What are the prime factors of x?
53
Suppose -3*x + v + 622 - 64 = 0, 937 = 5*x - 4*v. Suppose -4*q + x = -3. What are the prime factors of q?
47
Suppose 89*k = 83*k + 7158. What are the prime factors of k?
1193
Suppose k - 107 = -2*k + q, 2*k + 2*q - 82 = 0. Suppose k = -p + 208. List the prime factors of p.
3, 19
Let a = -573 - -1941. What are the prime factors of a?
2, 3, 19
Let x(h) = 2*h**3 + 10*h**2 - h - 5. Let a be x(-5). Let k(i) = -i**3 - 2*i + 81. What are the prime factors of k(a)?
3
Suppose -o = -2*q - 794, -4*q - 783 = -3*o + 1589. List the prime factors of o.
2, 7
Suppose 4*r - 3*r = -4*l - 4129, -2*l - 20735 = 5*r. List the prime factors of (r/(-63) + (-1)/(-7))*1.
2, 3, 11
Suppose 5 = -5*m, 1425 + 35 = 4*u - 4*m. Suppose -8*y + 22*y - u = 0. What are the prime factors of y?
2, 13
Suppose 4*f = -0*f - 92. Let z = f + 13. Let p = z + 30. What are the prime factors of p?
2, 5
Suppose -4*p - 22 = -a, -2*a + 6 = -2*p - 4*a. Let l(q) = -12*q + 8. What are the prime factors of l(p)?
2, 17
Suppose -4*w - 637 = -5*w. What are the prime factors of w?
7, 13
Let b be (4 + -8)*(-5)/4. Suppose b*a = -4*c + 138, -3*a = -3*c - 0*a + 90. What are the prime factors of c?
2
Suppose -10*t - 1 = -9*t. List the prime factors of 0/t + -3 - -33.
2, 3, 5
Suppose -2*z + 0 = -4. Suppose 4*t + 14 = -z*v, -5*t = -5*v + v + 24. What are the prime factors of (-2)/((-38)/34 + v)?
17
Let w(d) = -3*d + 6*d**3 - 2 - d**2 + d - 289*d**3. List the prime factors of w(-1).
2, 3, 47
Suppose -3*p + p + 30 = 0. Let d(m) be the third derivative of -m**5/60 + 5*m**4/8 + m**3/3 - 13*m**2. What are the prime factors of d(p)?
2
Let u = 4 + -1. Suppose 2 = 3*q - u*s - 79, -s = 4*q - 118. List the prime factors of q.
29
Suppose 155 = -5*p + 550. Suppose 61 + 76 = -3*h - 2*x, 5*h + x + 240 = 0. Let q = p + h. List the prime factors of q.
2, 3, 5
Suppose d = p + 213, -5*d = -4*p - 227 - 628. Let w = 362 + p. What are the prime factors of w?
2, 19
Let s = -325 - -651. What are the prime factors of 